se 16, what is -1a77fe - -5e?
-1a77a0
In base 11, what is -3a9592 - 112?
-3a96a4
In base 16, what is -19 + 1f1cf?
1f1b6
In base 4, what is -32033303 - 23103?
-32123012
In base 13, what is 101340 + -1?
10133c
In base 9, what is 24876644 - 7?
24876636
In base 12, what is 26650 - -118?
26768
In base 11, what is 3 + 25a8172?
25a8175
In base 3, what is -211002000111112 + -110?
-211002000111222
In base 16, what is 70b - 1053?
-948
In base 5, what is -1042002 + -143011?
-1240013
In base 13, what is 66a65 + -76?
669bc
In base 6, what is 3013 + 55034?
102051
In base 8, what is -57306 - -377?
-56707
In base 12, what is -2b7278 - 13?
-2b728b
In base 4, what is 1300102123303 - 2?
1300102123301
In base 5, what is -3 - 432021433223?
-432021433231
In base 9, what is -7573234 + -14?
-7573248
In base 16, what is a + 8a036?
8a040
In base 5, what is -200230 + -3230014?
-3430244
In base 8, what is 323704 + 124?
324030
In base 9, what is 731673476 + -3?
731673473
In base 8, what is 267570470 - 1?
267570467
In base 7, what is 54 - 13460215?
-13460131
In base 4, what is 23 - 222130021213?
-222130021130
In base 7, what is 1226632 + 254?
1230216
In base 9, what is -1 - -34453778?
34453777
In base 11, what is -286 + 3a663a?
3a6364
In base 7, what is -1 + -124013?
-124014
In base 16, what is 7 + b047b?
b0482
In base 16, what is -4 + 65ccf?
65ccb
In base 2, what is -1000 - -101101100100110110001110?
101101100100110110000110
In base 10, what is -418 + -29453?
-29871
In base 9, what is -1 + -26165387?
-26165388
In base 15, what is 470 + 1a07?
1e77
In base 10, what is -2391247 - 0?
-2391247
In base 7, what is -1 - 113262050?
-113262051
In base 3, what is 100122212 + 110121001?
211020220
In base 2, what is -10011011101111101010 - 1101111?
-10011011110001011001
In base 14, what is 45ac52a + -2?
45ac528
In base 12, what is 3 + 464b61?
464b64
In base 14, what is 66 - 13d11db?
-13d1175
In base 12, what is -4a3 - -8510a?
84827
In base 15, what is -1730 + -976?
-21a6
In base 2, what is -1111111001100100 + 100111010?
-1111110100101010
In base 10, what is 240804 - -170?
240974
In base 15, what is db - -7e59d?
7e689
In base 4, what is -1 + -13010033201?
-13010033202
In base 13, what is a9346 - -269?
a95b2
In base 4, what is -1 + 122322131220?
122322131213
In base 10, what is -19877 - 283?
-20160
In base 9, what is 248825577 - 4?
248825573
In base 13, what is 2a - -4b5058?
4b5085
In base 2, what is -10011101110 - -1101101001?
-110000101
In base 5, what is -4300443210 - 21?
-4300443231
In base 2, what is 101001100110001000 + -11101001?
101001100010011111
In base 14, what is 8945b + -45?
89416
In base 10, what is -203621 + 33?
-203588
In base 7, what is -6621 + -240052?
-250003
In base 9, what is -120 - -1655337?
1655217
In base 8, what is 7005 - 44066?
-35061
In base 10, what is 1 + 15045401?
15045402
In base 6, what is 1453132 - 1304?
1451424
In base 7, what is 5051 - 66?
4652
In base 14, what is 271 - a6c2b?
-a699a
In base 3, what is 20021210110021021 - 0?
20021210110021021
In base 16, what is -334e56 - 1?
-334e57
In base 2, what is -1010000111 + 1110100001010?
1101010000011
In base 2, what is -100101100011101011 - -110100000?
-100101011101001011
In base 15, what is -6 - -1ba250?
1ba249
In base 10, what is 2 + 986669?
986671
In base 7, what is 3435 - -1023145?
1026613
In base 8, what is -6245 + -3457?
-11724
In base 6, what is 405015 + 1030?
410045
In base 3, what is 2122020101200212 + -221?
2122020101122221
In base 14, what is 872a55c - 7?
872a555
In base 11, what is -1479414 + -254?
-1479668
In base 13, what is -896997 + 109?
-89688b
In base 12, what is -77bab + 2b?
-77b80
In base 9, what is 371333805 + 1?
371333806
In base 8, what is -2720 + -40404?
-43324
In base 3, what is 1110000000 + -2202201?
1100020022
In base 7, what is 4 + 3055525?
3055532
In base 4, what is -1223 - 1101323012?
-1101330301
In base 11, what is 1094668 + 75?
1094732
In base 10, what is 140301500 + 0?
140301500
In base 13, what is 2 - 44804a2?
-44804a0
In base 12, what is 4 + -1036528?
-1036524
In base 5, what is -12 + 102202?
102140
In base 2, what is -10101111010100000010011001 + 101?
-10101111010100000010010100
In base 10, what is -415763408 - 0?
-415763408
In base 12, what is -197bb29 - -3?
-197bb26
In base 2, what is -111111000110010 - -10010001100101?
-101100111001101
In base 16, what is -13e2 + -37e?
-1760
In base 15, what is -138c94e2 + 1?
-138c94e1
In base 10, what is 2410584 + 24?
2410608
In base 3, what is 1012211 + 1022011110102?
1022012200020
In base 7, what is 5044550 - 133?
5044414
In base 2, what is 110110101000110001 + -111010111011?
110101101101110110
In base 4, what is 3 + 110303330200?
110303330203
In base 13, what is -1 - 304a5990?
-304a5991
In base 8, what is -25 + -16236477?
-16236524
In base 3, what is 1012101 - 210012101?
-202000000
In base 6, what is 4531545143 - -4?
4531545151
In base 9, what is 15 + 3326707?
3326723
In base 6, what is -53423503 + -4?
-53423511
In base 2, what is -11011011 + 1000011000000010111001?
1000010111111111011110
In base 6, what is 5 - 53411001?
-53410552
In base 12, what is 46 + -103271?
-103227
In base 6, what is -202 - -342010?
341404
In base 5, what is -1 - -1242134431?
1242134430
In base 7, what is -1020624406 - -2?
-1020624404
In base 13, what is -41bb - 648?
-4836
In base 14, what is 1 + -13749c3?
-13749c2
In base 4, what is 1 - -210023213023?
210023213030
In base 5, what is -1220331234 + -2?
-1220331241
In base 2, what is -10 - -11010000011110110001101?
11010000011110110001011
In base 12, what is -b + -a3577?
-a3586
In base 7, what is 35355 + 16352?
55040
In base 8, what is -130670 + 272?
-130376
In base 2, what is 100000010001001 - 1111111010?
11110010001111
In base 6, what is -244124 + -32?
-244200
In base 10, what is 1 + -2135018?
-2135017
In base 10, what is 1637586992 - 4?
1637586988
In base 13, what is 1299 - -3b24?
50c0
In base 5, what is 443224 + -1224023?
-230244
In base 4, what is 10 + 1111123230221?
1111123230231
In base 10, what is -2 - 52580600?
-52580602
In base 5, what is -120 + -10330312141?
-10330312311
In base 7, what is -321020151 + 16?
-321020132
In base 10, what is 33345 + 13?
33358
In base 16, what is c7c9 - -262?
ca2b
In base 2, what is -1010 + -110011111010110111011110?
-110011111010110111101000
In base 13, what is -60a9 - 4c?
-6128
In base 7, what is -51531 - -11140?
-40361
In base 5, what is -23 - -334330404?
334330331
In base 6, what is 13134 + 11212?
24350
In base 11, what is 9 + -12201237?
-12201229
In base 3, what is -12 + -20001212010001101?
-20001212010001120
In base 14, what is 6b72 + 21d?
6d91
In base 8, what is -4 - -53226610?
53226604
In base 3, what is 0 + -1002020112110100?
-1002020112110100
In base 7, what is 11435521 - -3?
11435524
In base 11, what is 10723 + -8626?
30a8
In base 14, what is -1b402 + -13d8?
-1c7da
In base 15, what is 1 - -96d51ca?
96d51cb
In base 13, what is 479 - 12b29?
-12680
In base 9, what is 737 - 13352?
-12514
In base 9, what is 10 + -3406568?
-3406558
In base 3, what is -1022022110021 + -2?
-1022022110100
In base 14, what is 3b03d19 + 0?
3b03d19
In base 12, what is 8222 + 123b3?
1a615
In base 6, what is -25 + -113313250?
-113313315
In base 14, what is -598b8 + 60?
-59858
In base 4, what is 1012 + 110000001023?
110000002101
In base 8, what is 24677 + -2434?
22243
In base 10, what is -80 - -280336?
280256
In base 4, what is 20 + 20000012021?
20000012101
In base 5, what is -11234 - -2001210?
1434421
In base 5, what is 10 - 11344343?
-11344333
In base 2, what is -1011110111 - 10100011101010?
-10101111100001
In base 15, what is -3cc - -e673e?
e6362
In base 15, what is 9050e - 87?
90477
In base 15, what is bb5177d - -3?
bb51781
In base 10, what is -9397653 + -9?
-9397662
In base 11, what is 4067a - -1a4a?
42619
In base 13, what is -1034 - 38259?
-39290
In base 11, what is 2423 - 1214?
120a
In base 5, what is -2 - -20011230324?
20011230322
In base 11, what is 23 + -7436?
-7413
In base 13, what is ba122 - 19?
ba106
In base 7, what is 330010345 + -31?
330010314
In base 3, what is 211111 - 21101111?
-20120000
In base 10, what is 2 + -56243486?
-56243484
In base 13, what is 35b648 - -23?
35b66b
In base 7, what is 104430310 - -15?
104430325
In base 13, what is 3491c + a8?
349c7
In base 7, what i